s divided by 131?
3
Calculate the remainder when 150 is divided by 81.
69
What is the remainder when 117 is divided by 60?
57
What is the remainder when 295 is divided by 32?
7
Calculate the remainder when 1484 is divided by 27.
26
Calculate the remainder when 142 is divided by 67.
8
Calculate the remainder when 211 is divided by 51.
7
What is the remainder when 208 is divided by 30?
28
What is the remainder when 58 is divided by 31?
27
Calculate the remainder when 95 is divided by 12.
11
Calculate the remainder when 542 is divided by 169.
35
Calculate the remainder when 198 is divided by 25.
23
Calculate the remainder when 355 is divided by 30.
25
Calculate the remainder when 824 is divided by 786.
38
What is the remainder when 1488 is divided by 251?
233
Calculate the remainder when 846 is divided by 37.
32
What is the remainder when 310 is divided by 24?
22
Calculate the remainder when 2214 is divided by 275.
14
Calculate the remainder when 78 is divided by 21.
15
Calculate the remainder when 249 is divided by 21.
18
Calculate the remainder when 295 is divided by 44.
31
What is the remainder when 871 is divided by 109?
108
Calculate the remainder when 212 is divided by 36.
32
What is the remainder when 324 is divided by 39?
12
What is the remainder when 229 is divided by 20?
9
What is the remainder when 123 is divided by 33?
24
What is the remainder when 277 is divided by 259?
18
What is the remainder when 971 is divided by 27?
26
What is the remainder when 417 is divided by 11?
10
What is the remainder when 22109 is divided by 33?
32
What is the remainder when 244 is divided by 37?
22
Calculate the remainder when 2557 is divided by 128.
125
Calculate the remainder when 902 is divided by 300.
2
Calculate the remainder when 285 is divided by 154.
131
Calculate the remainder when 472 is divided by 461.
11
What is the remainder when 4368 is divided by 190?
188
What is the remainder when 128 is divided by 13?
11
Calculate the remainder when 166 is divided by 57.
52
What is the remainder when 174 is divided by 23?
13
Calculate the remainder when 433 is divided by 19.
15
Calculate the remainder when 104 is divided by 1.
0
What is the remainder when 23 is divided by 10?
3
What is the remainder when 1834 is divided by 92?
86
Calculate the remainder when 170 is divided by 95.
75
Calculate the remainder when 2017 is divided by 155.
2
What is the remainder when 430 is divided by 3?
1
Calculate the remainder when 1648 is divided by 92.
84
What is the remainder when 414 is divided by 16?
14
What is the remainder when 200 is divided by 17?
13
Calculate the remainder when 64 is divided by 33.
31
Calculate the remainder when 192 is divided by 44.
16
Calculate the remainder when 4899 is divided by 2447.
5
Calculate the remainder when 84 is divided by 25.
9
What is the remainder when 688 is divided by 234?
220
Calculate the remainder when 74 is divided by 3.
2
Calculate the remainder when 394 is divided by 136.
122
What is the remainder when 124 is divided by 45?
34
What is the remainder when 966 is divided by 8?
6
What is the remainder when 156 is divided by 55?
46
Calculate the remainder when 2410 is divided by 4.
2
What is the remainder when 449 is divided by 67?
47
What is the remainder when 71 is divided by 21?
8
Calculate the remainder when 5630 is divided by 128.
126
Calculate the remainder when 18720 is divided by 124.
120
What is the remainder when 609 is divided by 70?
49
What is the remainder when 3246 is divided by 541?
0
What is the remainder when 203 is divided by 35?
28
Calculate the remainder when 372 is divided by 60.
12
What is the remainder when 258 is divided by 103?
52
Calculate the remainder when 119 is divided by 57.
5
Calculate the remainder when 1496 is divided by 30.
26
Calculate the remainder when 301 is divided by 51.
46
Calculate the remainder when 40 is divided by 11.
7
Calculate the remainder when 114 is divided by 28.
2
Calculate the remainder when 35 is divided by 11.
2
What is the remainder when 644 is divided by 28?
0
What is the remainder when 574 is divided by 272?
30
Calculate the remainder when 21 is divided by 7.
0
What is the remainder when 96 is divided by 14?
12
What is the remainder when 85 is divided by 45?
40
What is the remainder when 2604 is divided by 26?
4
What is the remainder when 1210 is divided by 81?
76
Calculate the remainder when 68 is divided by 34.
0
What is the remainder when 301 is divided by 242?
59
What is the remainder when 405 is divided by 51?
48
Calculate the remainder when 644 is divided by 16.
4
What is the remainder when 518 is divided by 174?
170
Calculate the remainder when 5066 is divided by 220.
6
What is the remainder when 2847 is divided by 1422?
3
What is the remainder when 6160 is divided by 237?
235
Calculate the remainder when 1109 is divided by 31.
24
Calculate the remainder when 6299 is divided by 14.
13
Calculate the remainder when 9839 is divided by 10.
9
What is the remainder when 350 is divided by 9?
8
Calculate the remainder when 1150 is divided by 126.
16
Calculate the remainder when 943 is divided by 32.
15
Calculate the remainder when 33428 is divided by 101.
98
What is the remainder when 808 is divided by 58?
54
Calculate the remainder when 247 is divided by 123.
1
Calculate the remainder when 1426 is divided by 52.
22
What is the remainder when 119 is divided by 85?
34
What is the remainder when 1538 is divided by 250?
38
Calculate the remainder when 1098 is divided by 24.
18
What is the remainder when 262 is divided by 61?
18
What is the remainder when 2013 is divided by 13?
11
Calculate the remainder when 14451 is divided by 146.
143
Calculate the remainder when 1174 is divided by 148.
138
What is the remainder when 793 is divided by 26?
13
Calculate the remainder when 3519 is divided by 219.
15
Calculate the remainder when 620 is divided by 23.
22
What is the remainder when 1130 is divided by 42?
38
Calculate the remainder when 60 is divided by 48.
12
What is the remainder when 331 is divided by 206?
125
What is the remainder when 132 is divided by 24?
12
What is the remainder when 2499 is divided by 230?
199
Calculate the remainder when 201 is divided by 85.
31
Calculate the remainder when 989 is divided by 31.
28
What is the remainder when 643 is divided by 316?
11
What is the remainder when 107 is divided by 30?
17
Calculate the remainder when 574 is divided by 72.
70
What is the remainder when 44 is divided by 27?
17
Calculate the remainder when 966 is divided by 391.
184
What is the remainder when 4669 is divided by 21?
7
Calculate the remainder when 844 is divided by 47.
45
Calculate the remainder when 109 is divided by 10.
9
What is the remainder when 1364 is divided by 148?
32
What is the remainder when 127 is divided by 26?
23
Calculate the remainder when 119 is divided by 80.
39
What is the remainder when 236 is divided by 129?
107
What is the remainder when 324 is divided by 106?
6
What is the remainder when 92 is divided by 75?
17
Calculate the remainder when 3320 is divided by 41.
40
What is the remainder when 707 is divided by 239?
229
What is the remainder when 233 is divided by 78?
77
Calculate the remainder when 41 is divided by 2.
1
Calculate the remainder when 208 is divided by 57.
37
Calculate the remainder when 2139 is divided by 153.
150
What is the remainder when 249 is divided by 21?
18
What is the remainder when 624 is divided by 29?
15
What is the remainder when 180 is divided by 14?
12
Calculate the remainder when 94 is divided by 51.
43
What is the remainder when 1299 is divided by 412?
63
Calculate the remainder when 1150 is divided by 195.
175
Calculate the remainder when 168 is divided by 33.
3
Calculate the remainder when 1029 is divided by 343.
0
Calculate the remainder when 556 is divided by 9.
7
What is the remainder when 6052 is divided by 202?
194
Calculate the remainder when 172 is divided by 8.
4
Calculate the remainder when 520 is divided by 5.
0
What is the remainder when 55 is divided by 9?
1
What is the remainder when 153 is divided by 26?
23
Calculate the remainder when 356 is divided by 180.
176
Calculate the remainder when 3126 is divided by 184.
182
What is the remainder when 613 is divided by 56?
53
Calculate the